by 239.
229
What is the remainder when 56808 is divided by 230?
228
What is the remainder when 526 is divided by 108?
94
Calculate the remainder when 12635 is divided by 4203.
26
What is the remainder when 177075 is divided by 5?
0
Calculate the remainder when 1009743 is divided by 121.
119
Calculate the remainder when 2476 is divided by 304.
44
What is the remainder when 34232 is divided by 95?
32
Calculate the remainder when 5932 is divided by 847.
3
What is the remainder when 160395 is divided by 24?
3
What is the remainder when 2447 is divided by 221?
16
What is the remainder when 12533 is divided by 4175?
8
What is the remainder when 84901 is divided by 267?
262
What is the remainder when 246439 is divided by 538?
35
Calculate the remainder when 8198 is divided by 579.
92
Calculate the remainder when 35203 is divided by 1468.
1439
Calculate the remainder when 32500 is divided by 136.
132
What is the remainder when 156766 is divided by 142?
140
What is the remainder when 1138290 is divided by 611?
608
What is the remainder when 2451 is divided by 1906?
545
What is the remainder when 241190 is divided by 60297?
2
Calculate the remainder when 481971 is divided by 6694.
3
Calculate the remainder when 1852923 is divided by 329.
324
What is the remainder when 19133 is divided by 6306?
215
What is the remainder when 126818 is divided by 77?
76
Calculate the remainder when 1516 is divided by 681.
154
Calculate the remainder when 1717 is divided by 284.
13
What is the remainder when 6539 is divided by 10?
9
What is the remainder when 229740 is divided by 114862?
16
Calculate the remainder when 3191 is divided by 71.
67
What is the remainder when 7355 is divided by 1025?
180
What is the remainder when 879 is divided by 224?
207
Calculate the remainder when 245543 is divided by 35.
18
Calculate the remainder when 567271 is divided by 283622.
27
Calculate the remainder when 2188075 is divided by 892.
891
Calculate the remainder when 19188 is divided by 18.
0
Calculate the remainder when 490289 is divided by 44.
41
What is the remainder when 12822 is divided by 445?
362
Calculate the remainder when 8142 is divided by 2032.
14
What is the remainder when 7086 is divided by 42?
30
Calculate the remainder when 3286 is divided by 103.
93
What is the remainder when 265697 is divided by 57?
20
Calculate the remainder when 1099386 is divided by 29.
25
Calculate the remainder when 105065 is divided by 781.
411
Calculate the remainder when 549 is divided by 273.
3
What is the remainder when 13769 is divided by 103?
70
Calculate the remainder when 80366 is divided by 2114.
34
What is the remainder when 15415 is divided by 28?
15
Calculate the remainder when 1537 is divided by 34.
7
What is the remainder when 26342 is divided by 261?
242
Calculate the remainder when 6283 is divided by 701.
675
What is the remainder when 2473 is divided by 1223?
27
Calculate the remainder when 1104 is divided by 65.
64
Calculate the remainder when 14469 is divided by 89.
51
Calculate the remainder when 7337 is divided by 3593.
151
What is the remainder when 399746 is divided by 344?
18
Calculate the remainder when 3609 is divided by 179.
29
What is the remainder when 26970 is divided by 11?
9
What is the remainder when 4366 is divided by 167?
24
What is the remainder when 74354 is divided by 826?
14
What is the remainder when 66216 is divided by 326?
38
What is the remainder when 48038 is divided by 314?
310
What is the remainder when 54510 is divided by 21?
15
What is the remainder when 1440 is divided by 469?
33
Calculate the remainder when 2299 is divided by 396.
319
Calculate the remainder when 21274 is divided by 16.
10
What is the remainder when 4229697 is divided by 10?
7
What is the remainder when 1182025 is divided by 17?
15
Calculate the remainder when 27081 is divided by 1739.
996
What is the remainder when 96856 is divided by 1729?
32
Calculate the remainder when 6629 is divided by 6629.
0
Calculate the remainder when 3537 is divided by 121.
28
Calculate the remainder when 435 is divided by 163.
109
Calculate the remainder when 118745 is divided by 110.
55
Calculate the remainder when 12561 is divided by 480.
81
What is the remainder when 200412 is divided by 32?
28
Calculate the remainder when 3344 is divided by 1004.
332
Calculate the remainder when 54640 is divided by 35.
5
What is the remainder when 5428 is divided by 548?
496
What is the remainder when 10754 is divided by 15?
14
Calculate the remainder when 74368 is divided by 425.
418
What is the remainder when 6369 is divided by 5?
4
Calculate the remainder when 7034 is divided by 132.
38
What is the remainder when 22531 is divided by 3211?
54
What is the remainder when 168965 is divided by 719?
0
What is the remainder when 8706 is divided by 148?
122
What is the remainder when 475 is divided by 151?
22
What is the remainder when 3988 is divided by 189?
19
What is the remainder when 83459 is divided by 247?
220
Calculate the remainder when 816 is divided by 276.
264
Calculate the remainder when 13557 is divided by 834.
213
Calculate the remainder when 22315 is divided by 70.
55
Calculate the remainder when 48969 is divided by 3495.
39
Calculate the remainder when 29430 is divided by 9799.
33
What is the remainder when 8454 is divided by 347?
126
Calculate the remainder when 1108 is divided by 283.
259
What is the remainder when 3772 is divided by 796?
588
What is the remainder when 91905 is divided by 9?
6
Calculate the remainder when 746824 is divided by 1645.
1639
Calculate the remainder when 331598 is divided by 200.
198
Calculate the remainder when 2379 is divided by 56.
27
Calculate the remainder when 1313 is divided by 83.
68
Calculate the remainder when 236062 is divided by 118027.
8
What is the remainder when 26728 is divided by 371?
16
What is the remainder when 1290 is divided by 304?
74
What is the remainder when 3669 is divided by 262?
1
Calculate the remainder when 2047422 is divided by 341235.
12
Calculate the remainder when 3691 is divided by 433.
227
What is the remainder when 230201 is divided by 63?
62
Calculate the remainder when 130147 is divided by 23.
13
Calculate the remainder when 16653 is divided by 17.
10
Calculate the remainder when 7107 is divided by 110.
67
What is the remainder when 42540 is divided by 714?
414
Calculate the remainder when 6024 is divided by 3000.
24
What is the remainder when 5069 is divided by 169?
168
Calculate the remainder when 22939 is divided by 56.
35
What is the remainder when 92013 is divided by 284?
281
Calculate the remainder when 93055 is divided by 699.
88
Calculate the remainder when 21968 is divided by 57.
23
Calculate the remainder when 14717440 is divided by 2063.
2061
What is the remainder when 59073 is divided by 953?
940
Calculate the remainder when 1130 is divided by 264.
74
What is the remainder when 7304 is divided by 30?
14
Calculate the remainder when 973635 is divided by 1963.
1950
What is the remainder when 76098 is divided by 131?
118
What is the remainder when 61181 is divided by 64?
61
What is the remainder when 7354 is divided by 334?
6
Calculate the remainder when 30121 is divided by 16.
9
What is the remainder when 912 is divided by 463?
449
What is the remainder when 53023 is divided by 257?
81
Calculate the remainder when 121042 is divided by 15130.
2
What is the remainder when 3156 is divided by 869?
549
Calculate the remainder when 201059 is divided by 703.
1
Calculate the remainder when 5650 is divided by 1555.
985
Calculate the remainder when 105666 is divided by 574.
50
Calculate the remainder when 5681 is divided by 1872.
65
Calculate the remainder when 5899 is divided by 366.
43
Calculate the remainder when 18892 is divided by 14.
6
Calculate the remainder when 43732 is divided by 308.
304
What is the remainder when 2585 is divided by 2569?
16
Calculate the remainder when 21903 is divided by 13.
11
What is the remainder when 6467 is divided by 2992?
483
What is the remainder when 5745 is divided by 262?
243
What is the remainder when 1728145 is divided by 40?
25
What is the remainder when 673539 is divided by 843?
825
What is the remainder when 555 is divided by 77?
16
What is the remainder when 279728 is divided by 34